its digit of s?
9
Let t = -8 + -1. Let q be 8/6*t/(-2). Suppose p + q = -3*y, -3*y + 4*y + 3 = 0. What is the units digit of p?
3
Suppose -o - 2*o + 342 = 0. Suppose -5*b - 19 + o = 0. What is the units digit of b?
9
Let l = 19 + -5. Let g = 26 - l. Suppose 7 = b - q - 0, g = b - 2*q. What is the units digit of b?
2
Let p = 170 + 24. What is the tens digit of p?
9
Suppose 2*o - 2*m = -m - 17, 2*o = 5*m - 37. Let s = o - -11. Suppose s*w = 2*w + 18. What is the units digit of w?
6
Let h(c) = 2*c**2 + 10*c - 9. Let q(v) = -5*v**2 - 19*v + 18. Let g(i) = 7*h(i) + 3*q(i). What is the units digit of g(12)?
3
Let z(d) be the third derivative of d**4/12 - 5*d**3/6 + 5*d**2. What is the tens digit of z(8)?
1
Suppose 8 = -4*r - a + 3*a, 4*a = 3*r + 16. Let j = r - -4. What is the units digit of j?
4
Let b(i) = -i**3 - 6*i**2 - 6*i - 2. Suppose 5*y + 4 + 6 = 0. Let t be -2 + 0 + y + -1. What is the units digit of b(t)?
3
Let c be (-6)/(-2)*(-2)/(-2). Suppose c*z + 19 = 4*j, -z + 0*z = 4*j - 15. What is the units digit of j?
4
Suppose -3*n - 10*o = -11*o - 19, -4*o - 31 = -3*n. What is the units digit of n?
5
Suppose -5*g = 2*g - 84. What is the units digit of g?
2
Let r(b) = -49*b**3 - 2*b**2 - b. What is the tens digit of r(-1)?
4
Suppose 10*w - 471 = 239. What is the tens digit of w?
7
Let w = 271 - 398. Let s = -86 - w. What is the units digit of s?
1
Suppose -135 = -0*n - n. Let p be n/4 + (-1)/(-4). Suppose -3*d + p = -17. What is the tens digit of d?
1
What is the tens digit of (-1)/((-10)/2624) - (-34)/(-85)?
6
Let c be 34 - ((0 - 0) + -1). Suppose -4*q = 11 - c. Suppose 0*p - 2*p + q = 0. What is the units digit of p?
3
Suppose 3*j - 2 = 2*j. Let y = 5 - j. What is the units digit of y?
3
What is the units digit of 5*1*63/15?
1
Let k be (-1)/(-4) - 6/24. Suppose w + r - 6 - 8 = k, 0 = 4*w + 2*r - 62. What is the units digit of w?
7
Let u = 8 - 4. Suppose 0 = i + u*i - 5. Let d = i - -4. What is the units digit of d?
5
What is the units digit of 455/10 + 9/(-6)?
4
Let l be (2 - (4 - 3)) + -2. What is the tens digit of 1/(l/(-35)) + -1?
3
Let k = -253 - -443. What is the tens digit of k?
9
Suppose 6*z + 4*t = z + 50, 0 = 4*z + 2*t - 34. Let m = -3 + z. Suppose -4*x = -m*x - 9. What is the units digit of x?
9
Suppose -c + 2*c = 21. What is the tens digit of c?
2
Suppose 2*t - t + 301 = 5*p, -5*t + 20 = 0. What is the units digit of p?
1
Let p be (-1)/(0 + 1/(-2)). Suppose 4*q - 3*q = 3, 0 = -p*i + 4*q - 46. Let k = 30 + i. What is the units digit of k?
3
Let j(u) = -2*u**3 - 8*u**2 + 8*u + 5*u**3 - 4 - 2*u**3. Let q be j(7). Suppose -q = -b - 0. What is the units digit of b?
3
Suppose 3*l + 0*l + 5*o = 603, 4*o - 603 = -3*l. What is the units digit of l?
1
Let s(r) = r**2 - 2*r. Let a be s(3). Suppose 0 = -2*o + 3*n + 41, -o + a*n + 20 = -5. What is the tens digit of o?
1
Let w be 212/(-6)*-6 - 2. Suppose 11*q = 16*q - w. What is the units digit of q?
2
What is the units digit of -1*(2 - 1)*-49?
9
Suppose 3 = 2*p - p. Suppose 10 = p*q + 2*q. Suppose 5*j + z + q*z = 64, 0 = -j - z + 14. What is the tens digit of j?
1
What is the hundreds digit of 104 - ((-42)/(-28))/(6/(-16))?
1
Suppose k + 172 = 5*k. What is the units digit of k?
3
Suppose -5*f = -0*f + 60. Let g = f + 6. Let k = 17 + g. What is the units digit of k?
1
Let c(v) = 2*v**3 - 13*v**2 + 5*v - 9. What is the units digit of c(8)?
3
Let i(f) = -f + 2. Let q be i(-5). Suppose 4*k - 47 - q = -3*t, 3*k + 75 = 3*t. What is the tens digit of t?
2
What is the tens digit of (-13 - -12) + (-1 - -16)?
1
Let t(g) = -g - 6. Let r(i) = i**2 + i + 5. Let u(a) = 4*r(a) + 3*t(a). What is the units digit of u(-2)?
6
Let h(w) = 4*w**2 + w - 7. What is the tens digit of h(5)?
9
What is the units digit of (-18 - -10)*(-2)/4?
4
Suppose m - 2*u = -7*u - 7, 4 = 2*m + 4*u. Suppose 0 = 4*t + 5*i - 50, t + 3*i = m + 8. What is the units digit of t?
0
Suppose 0*h = 5*h - 2*i - 25, 4*h - 20 = -i. Suppose 5*o + 4*f + 20 = h*f, 16 = 3*o + 5*f. What is the units digit of 9/(-6)*2/o?
1
Suppose -3*v - 2*l + 33 = 0, -20 = -3*v - 5*l + 4. What is the units digit of v?
3
Suppose 4*v - 3*v - 1 = 2*f, 2*v - 2 = -f. Suppose -x - x + 4 = f. What is the units digit of (16/(-20))/(x/(-5))?
2
Let p(d) = 128*d - 5. What is the hundreds digit of p(1)?
1
Let g = -23 - -41. What is the units digit of g?
8
Let t(k) = 7*k**3 + 2*k**2 - 13*k - 1. Suppose -3*y + 7*y = 24. Let l(q) = q**3 + q**2 - q - 1. Let w(m) = y*l(m) - t(m). What is the units digit of w(5)?
5
Let o(l) = 2*l + 11 - 9*l - l**3 + 11*l**2 + l. What is the tens digit of o(10)?
5
Let v be -2 + 3 - (-8 + 2). Let q = -2 + v. What is the units digit of q?
5
Let b(c) be the third derivative of c**5/60 - c**4/8 + 2*c**3/3 - 5*c**2. Let s be (8 - -4)*(-1)/(-2). What is the units digit of b(s)?
2
Suppose 0 = -t + 13 - 6. Let h = 14 - t. What is the units digit of h?
7
Let p be 4 - 1 - 21/(-3). Suppose -z = -1, -2*m - z = -33 - p. What is the tens digit of m?
2
What is the tens digit of (0 + -1 + (130 - 0))/1?
2
Let g(x) = 5*x**2 + x + 1. Suppose -o + 2 = -3*o. Let h be g(o). Suppose -i - 4*d = -7, -h*i = -2*i - 3*d - 6. What is the units digit of i?
3
Let u = 71 + -50. Let i = 59 - u. Suppose 4*o - 5*l + 3*l - i = 0, -3*l - 9 = 0. What is the units digit of o?
8
Let i be 0 - (0 - 1)*6. Let f be 8/6 + 14/21. Suppose i*q = f*q + 32. What is the units digit of q?
8
Let o = 13 - -19. What is the units digit of o?
2
Suppose -4*k + 10 = k. What is the units digit of ((-6)/k)/((-6)/90)?
5
Let m(z) = z**2 - 13*z + 4. Let w be m(6). Let l = -24 - w. Let s = l - 9. What is the units digit of s?
5
Let x = 1 - 5. Let w = x + 0. What is the units digit of (w - -1)*(1 + -2)?
3
What is the units digit of (-2 - -4) + 23*1?
5
Let a = -7 + 6. What is the tens digit of -2 + 0 + a + 13?
1
Suppose -3*k + 129 = -3*y, k = 2*k + 5*y - 25. What is the units digit of k?
0
Let s be 2/4*(10 + -4). Let g = s + 6. Suppose -n - g = 5*t, -2*n + 3*t = -4*n - 4. What is the units digit of n?
1
Let f(j) = -j**3 - 3*j**2 + 2*j - 11. Let b(p) = -p**2 + p + 1. Let q(v) = 4*b(v) + f(v). What is the units digit of q(-8)?
9
Suppose -2*i + 13 = v, -i + 0*i = 2. What is the tens digit of v?
1
Suppose 2*s = -3*s + 15. Let m be (-18)/(-12)*(-8)/(-6). Suppose -15 = -m*k - s. What is the units digit of k?
6
Let v(u) = -u**3 - 13*u**2 - 14*u + 11. What is the units digit of v(-12)?
5
Let s = 0 + 7. Suppose 3 = 3*d + 5*v - 26, d + v - s = 0. What is the units digit of d?
3
Let p(u) = 11*u**3 - 3*u**2 - 35*u + 11. Let d(l) = -5*l**3 + 2*l**2 + 17*l - 6. Let g(s) = -9*d(s) - 4*p(s). What is the units digit of g(8)?
4
Suppose 4*j + 2*m - 324 - 166 = 0, -5*j - 5*m + 620 = 0. What is the tens digit of j?
2
Suppose 2*y - 4*j = -332, y - j = -4*j - 171. What is the tens digit of y/(-10) - (-3)/15?
1
Let k be ((-2)/(-3))/(4/36). Let b be k/(-15) - (-3)/(-5). What is the units digit of (-9)/(-18) + b/(-2)?
1
Let c(z) = z**3 - 16*z**2 + 6*z - 2. What is the tens digit of c(16)?
9
Let n = 162 - 113. What is the tens digit of n?
4
Suppose -2*r = 2, -a - 3*r + 8 = -8. Suppose -55 + a = -3*m. What is the units digit of m?
2
Let k(z) = -24*z + 2. What is the tens digit of k(-1)?
2
Let m(p) = p**3 + 5*p**2 - 4. Let y be m(-5). What is the units digit of 1*(2 + -1) - y?
5
Let k(q) = -q**2 + 7*q + 11. Let c be k(8). Suppose s - 13 - 11 = -4*b, c*b = s + 18. What is the units digit of b?
6
Suppose 5*b = -d + 134, 3*b + b = 0. What is the hundreds digit of d?
1
Let i(p) be the third derivative of p**5/30 + 5*p**4/24 + p**3/2 + p**2. Let n = 0 - 3. What is the units digit of i(n)?
6
Suppose 5*d - 577 - 923 = 0. What is the units digit of d?
0
Let c(w) be the second derivative of w**6/720 - w**5/40 - w**4/12 - 2*w. Let k(x) be the third derivative of c(x). What is the units digit of k(5)?
2
Suppose -2*u - 2 = -0*u. Let d(x) = -5*x**3 - x**2 - x. What is the units digit of d(u)?
5
Let l be ((-3)/6 + 1)*-6. Let c(x) = -7*x - 3. Let z be c(l). Suppose 7*q + s - z = 2*q, 4*s = -5*q + 12. What is the units digit of q?
4
Suppose 0 = -3*g + 12, 5*g - 4 + 396 = 4*h. What is the hundreds digit of h?
1
Suppose 3*v + 5*m = -16, 4*m = -v - v - 14. Suppose 4*l - 9 = v*l. What is the units digit of 2/(-8) + l/4?
2
Let h = 17 + -17. Suppose z - 6 - 3 = h. What